hat is the remainder when 2199 is divided by 55?
54
Calculate the remainder when 233 is divided by 43.
18
Calculate the remainder when 11239 is divided by 13.
7
Calculate the remainder when 96 is divided by 33.
30
Calculate the remainder when 1017 is divided by 166.
21
Calculate the remainder when 716 is divided by 101.
9
Calculate the remainder when 302 is divided by 71.
18
What is the remainder when 502 is divided by 46?
42
Calculate the remainder when 216 is divided by 25.
16
What is the remainder when 103 is divided by 98?
5
Calculate the remainder when 775 is divided by 8.
7
Calculate the remainder when 801 is divided by 67.
64
What is the remainder when 13945 is divided by 155?
150
Calculate the remainder when 70 is divided by 8.
6
Calculate the remainder when 444 is divided by 54.
12
What is the remainder when 208 is divided by 189?
19
What is the remainder when 109 is divided by 58?
51
What is the remainder when 1876 is divided by 135?
121
Calculate the remainder when 22872 is divided by 11431.
10
Calculate the remainder when 138 is divided by 50.
38
What is the remainder when 689 is divided by 34?
9
Calculate the remainder when 32 is divided by 7.
4
Calculate the remainder when 1358 is divided by 91.
84
Calculate the remainder when 14499 is divided by 6.
3
What is the remainder when 344 is divided by 93?
65
Calculate the remainder when 597 is divided by 128.
85
Calculate the remainder when 33 is divided by 11.
0
What is the remainder when 585 is divided by 50?
35
What is the remainder when 342 is divided by 23?
20
What is the remainder when 102 is divided by 28?
18
Calculate the remainder when 688 is divided by 70.
58
What is the remainder when 250 is divided by 57?
22
What is the remainder when 179 is divided by 38?
27
Calculate the remainder when 126 is divided by 67.
59
Calculate the remainder when 6735 is divided by 39.
27
Calculate the remainder when 6058 is divided by 30.
28
Calculate the remainder when 658 is divided by 36.
10
Calculate the remainder when 3236 is divided by 39.
38
What is the remainder when 2062 is divided by 188?
182
What is the remainder when 101 is divided by 38?
25
Calculate the remainder when 834 is divided by 416.
2
What is the remainder when 293 is divided by 5?
3
Calculate the remainder when 135 is divided by 44.
3
What is the remainder when 1310 is divided by 12?
2
What is the remainder when 1018 is divided by 7?
3
Calculate the remainder when 72 is divided by 39.
33
What is the remainder when 122 is divided by 31?
29
Calculate the remainder when 804 is divided by 115.
114
Calculate the remainder when 182 is divided by 47.
41
What is the remainder when 714 is divided by 65?
64
Calculate the remainder when 829 is divided by 32.
29
Calculate the remainder when 434 is divided by 55.
49
Calculate the remainder when 1665 is divided by 244.
201
Calculate the remainder when 448 is divided by 4.
0
What is the remainder when 12623 is divided by 107?
104
Calculate the remainder when 3653 is divided by 60.
53
Calculate the remainder when 989 is divided by 30.
29
Calculate the remainder when 49 is divided by 32.
17
What is the remainder when 107 is divided by 2?
1
What is the remainder when 279 is divided by 58?
47
Calculate the remainder when 965 is divided by 22.
19
Calculate the remainder when 2882 is divided by 7.
5
What is the remainder when 367 is divided by 68?
27
Calculate the remainder when 1396 is divided by 50.
46
What is the remainder when 78 is divided by 9?
6
Calculate the remainder when 699 is divided by 81.
51
Calculate the remainder when 92 is divided by 15.
2
Calculate the remainder when 3061 is divided by 605.
36
Calculate the remainder when 200 is divided by 70.
60
Calculate the remainder when 18775 is divided by 11.
9
Calculate the remainder when 3267 is divided by 63.
54
What is the remainder when 87 is divided by 27?
6
Calculate the remainder when 355 is divided by 7.
5
Calculate the remainder when 6005 is divided by 143.
142
Calculate the remainder when 117 is divided by 52.
13
What is the remainder when 1554 is divided by 77?
14
What is the remainder when 6119 is divided by 35?
29
Calculate the remainder when 421 is divided by 135.
16
What is the remainder when 2918 is divided by 2914?
4
Calculate the remainder when 100 is divided by 74.
26
Calculate the remainder when 215 is divided by 169.
46
Calculate the remainder when 223 is divided by 38.
33
What is the remainder when 289 is divided by 27?
19
Calculate the remainder when 821 is divided by 3.
2
Calculate the remainder when 591 is divided by 56.
31
What is the remainder when 954 is divided by 15?
9
Calculate the remainder when 62 is divided by 16.
14
What is the remainder when 5079 is divided by 20?
19
Calculate the remainder when 295 is divided by 150.
145
What is the remainder when 477 is divided by 13?
9
What is the remainder when 1153 is divided by 55?
53
Calculate the remainder when 323 is divided by 21.
8
What is the remainder when 603 is divided by 92?
51
Calculate the remainder when 329 is divided by 15.
14
What is the remainder when 112 is divided by 19?
17
Calculate the remainder when 916 is divided by 66.
58
Calculate the remainder when 2425 is divided by 1210.
5
What is the remainder when 1061 is divided by 8?
5
What is the remainder when 7497 is divided by 54?
45
What is the remainder when 883 is divided by 52?
51
What is the remainder when 117 is divided by 5?
2
What is the remainder when 39 is divided by 7?
4
Calculate the remainder when 124 is divided by 84.
40
Calculate the remainder when 1641 is divided by 330.
321
What is the remainder when 595 is divided by 301?
294
Calculate the remainder when 143 is divided by 72.
71
What is the remainder when 51 is divided by 27?
24
What is the remainder when 293 is divided by 34?
21
Calculate the remainder when 240 is divided by 32.
16
Calculate the remainder when 120 is divided by 32.
24
What is the remainder when 4646 is divided by 2?
0
What is the remainder when 159 is divided by 43?
30
Calculate the remainder when 173 is divided by 58.
57
What is the remainder when 139 is divided by 22?
7
Calculate the remainder when 61 is divided by 16.
13
What is the remainder when 73 is divided by 15?
13
What is the remainder when 741 is divided by 8?
5
What is the remainder when 55 is divided by 36?
19
What is the remainder when 152 is divided by 17?
16
Calculate the remainder when 278 is divided by 32.
22
What is the remainder when 104 is divided by 95?
9
Calculate the remainder when 7705 is divided by 82.
79
What is the remainder when 66 is divided by 25?
16
What is the remainder when 2254 is divided by 149?
19
What is the remainder when 6263 is divided by 24?
23
Calculate the remainder when 1075 is divided by 7.
4
What is the remainder when 288 is divided by 268?
20
What is the remainder when 248 is divided by 42?
38
What is the remainder when 8589 is divided by 16?
13
Calculate the remainder when 3021 is divided by 12.
9
Calculate the remainder when 280 is divided by 98.
84
What is the remainder when 391 is divided by 57?
49
Calculate the remainder when 136 is divided by 23.
21
Calculate the remainder when 60 is divided by 3.
0
What is the remainder when 110 is divided by 26?
6
What is the remainder when 10691 is divided by 99?
98
What is the remainder when 423 is divided by 14?
3
Calculate the remainder when 494 is divided by 43.
21
Calculate the remainder when 115 is divided by 27.
7
Calculate the remainder when 4204 is divided by 78.
70
What is the remainder when 296 is divided by 100?
96
Calculate the remainder when 153 is divided by 13.
10
Calculate the remainder when 306 is divided by 14.
12
What is the remainder when 166 is divided by 86?
80
Calculate the remainder when 159 is divided by 26.
3
Calculate the remainder when 2474 is divided by 11.
10
Calculate the remainder when 6300 is divided by 97.
92
What is the remainder when 413 is divided by 73?
48
Calculate the remainder when 489 is divided by 70.
69
What is the remainder when 1450 is divided by 91?
85
Calculate the remainder when 3059 is divided by 5.
4
What is the remainder when 1361 is divided by 281?
237
Calculate the remainder when 2622 is divided by 146.
140
Calculate the remainder when 659 is divided by 165.
1